24 + -24 + 65)
-21
Evaluate (-8 - (14 - 3)) + (-3 + -6 + -2 - -1).
-29
What is the value of -15 + (12 + -7 - -1) + 9 + (-8 - -21)?
13
55 + (-57 - (-125 - -95))
28
What is the value of -125 - (-8 - 39 - (-157 - -138))?
-97
What is the value of -15 + 87 - (74 + -48 + -34)?
80
2 - (5 - (-28 + -1)) - (1 - (1 + -3))
-35
Evaluate 16 + (18 - 22) - (-9 + 24) - (2 + 71).
-76
Calculate (-151 - -72) + (-3 + -3 - -30).
-55
-5 + (-1 - -3 - (5 + 1 + -14 + 16))
-11
Calculate 37 + 4 + -4 + (6 - (16 - (-6 - -5))).
26
Calculate (-5 - (-1 - -2) - ((-105 - -57) + 46)) + 3.
-1
Calculate -16 - (-10 - (14 + -20)) - -43.
31
What is -10 + -4 - (6 + -17 + 16)?
-19
What is 41 - (9 + -47 + 50) - 14?
15
What is 63 - (17 + -18 + 22 + -14) - (-9 - -18)?
47
Evaluate -121 + 121 - (32 + 10 + 0).
-42
What is -117 - (31 - 25) - (14 - 5)?
-132
What is the value of (-177 + 216 - (13 - -2)) + 25?
49
Evaluate (0 + -1 - -5) + 4390 + -4379.
15
What is -11 + 10 + -13 + 8 + (10 - 75)?
-71
What is the value of -110 + 121 + -56 - 32?
-77
40 + (31 - (62 + -8 - 18))
35
Evaluate (-8 - -101) + (13 + -8 - (-16 - -35)).
79
What is -56 - 1 - (-8 - ((2 - 7) + 8))?
-46
Evaluate 17 - (-3 + -44) - 47 - (-58 + 1).
74
Evaluate (21 - (-40 + 39 + -22)) + 18.
62
Evaluate -27 + 35 - (-241 + 136 - (-1 + 1)).
113
Evaluate 57 + -1 - (80 - 52).
28
Calculate -2 - 129 - (-9 - (55 + -13)).
-80
Evaluate 17 + -3 + 19 + -75 + 20.
-22
Calculate 1886 + -1885 + -8 + (-9 - (0 + -3) - -4).
-9
What is the value of (-54 - -3) + (-38 - 96) + 111?
-74
What is -5 + -45 - (120 + -45 + -55)?
-70
Calculate -1 + -3 - 4 - (50 - 30).
-28
Evaluate 68 - (7 + 13 + -1 + -8 + (29 - 32)).
60
68 - (-116 + (7 - -93))
84
What is the value of -221 + 243 + (-1 - 34) - 23?
-36
-51 + 49 + (-55 - 1)
-58
Evaluate 6 + (0 - 2 - ((18 + -13 - 65) + -1)).
65
Evaluate 21 + -1 + (-2877 + 2925 - (-2 - 1)).
71
Calculate -6 + 0 + (70 - (94 + -35)) + -77 + 6.
-66
Calculate -6 - -17 - ((3 - (13 + -13)) + 12).
-4
Evaluate -26248 + 26342 - (1 - -141).
-48
-835 - -940 - (0 + 46)
59
Calculate -143 + 120 + -156 + 43.
-136
(435 - 411) + -4 + 0
20
Evaluate (76 - -1) + (2843 - 2900).
20
What is -1 + (-26 + 14 - -8 - -20)?
15
Evaluate (1562 - 1523) + (-15 - 7 - 7).
10
What is the value of 28 + 1 - (43 + -17 + -23)?
26
Evaluate 3 + -4 + 3 - 1.
1
44 + (11 - (-6 + 10))
51
What is the value of -32 - (2 + (21 - 51))?
-4
What is -4634 + 4635 + (3 + 0 + -2 - 15)?
-13
(605 - 604) + (3 - 3 - 19)
-18
-12804 + 12795 + 55 + (-1 - -3)
48
What is the value of -80 + (26 - (28 - 26)) - (-10 + 0)?
-46
What is 261 + -255 - ((3 - -6) + -6 + 156)?
-153
18 + (5 + -79 - 5 - (-77 + 61))
-45
-2 - 29 - ((7 - 35) + 2)
-5
Evaluate 76 - (-66 - (-81 + 52)).
113
Evaluate 46 - -10 - (107 + -47).
-4
Evaluate 89 + 73 + (-69 - 15).
78
-10 + 30 + -10 - (38 - (1 + 5 + -2))
-24
(1 - 11) + (-6 + 23 - (30 + 0) - -12)
-11
(1 - -147) + 9602 + -9685
65
6 + 33 - (-579 + 598)
20
Evaluate -63 - (1 + 10 - (21 + -25 + 21)).
-57
Evaluate (-1 - -21) + 0 + -38 + 29 + 111.
122
What is -33 - (93 - (97 + -12))?
-41
Evaluate 58 + (-57 - -9) - 64.
-54
What is the value of 30 - (180 + -85) - (-1 + 8)?
-72
Evaluate 3 + -217 + 202 + (3 - (2 - -3)).
-14
Evaluate 16 + (13 - (-7 - (-5 + -9)) - 41).
-19
Evaluate -37 - (-3 + -4 + 3 + (-10 - (-18 + 5))).
-36
Evaluate -9 + -26 + 177 + -188.
-46
Evaluate (-2 + 3 - -11) + (-16 + -87 - 10) - -2.
-99
What is -115 + -3 - -3 - (47 + 14 - 55) - 1?
-122
Calculate 979 + -944 - (-1 - 24).
60
What is (-16 - 40) + 8 + 15 + 0 + -10?
-43
What is the value of 6 - 1 - (66 + (4 - 99))?
34
Evaluate -3 + -10 + 4 + -6 + 7.
-8
Evaluate -21 - (108 + (-12 - 72)).
-45
Evaluate -39 + (35 - 19 - -38 - 9).
6
-4 + -4 + 19 + -3 + -23 + 13
-2
Calculate -612 + 650 + 0 + -20 + -53.
-35
What is (7 - 10) + -8 + 16 + -13 - (-35 + -2)?
29
Calculate (-10 + 2 - (255 + -287)) + -3.
21
-50 + (-42 - -66 - -34)
8
-2 + -7 + 8 + -5 - (126 + 16) - -14
-134
-39 + -2 + (-414 - -452)
-3
2312 + -2290 - (-1 + -51)
74
Evaluate 7 + -14 + (-18 - -21) + 11.
7
What is the value of 84 - (205 + 7) - -119?
-9
0 - (-5 - (-8 + 8 - 23)) - 47
-65
What is the value of -63 + (2 + (13 - 18) - (-7 + (12 - -3)))?
-74
What is the value of 19 - 25 - -5 - (-53 - 1)?
53
What is (-1 - 7) + (-33 - 20 - -67) + (6 - -1)?
13
Calculate 0 + 0 + (-11 - 1 - (-126 - -146)).
-32
What is (6 - (0 - (-5 - -6))) + -15 + -41?
-49
Evaluate -1 - -21 - (9 + (1 - 12)) - 98.
-76
What is the value of 16 + (58 - 70) - -12?
16
What is -10 + (44 - 34) + -21 + -36?
-57
-338 - -296 - (-4 + (13 - 6) + 3)
-48
What is 7 - ((52 - (-3 + 11)) + (-17 - -10))?
-30
Evaluate 72 + (-53 + 77 - 103).
-7
61 - (19 - 29) - ((11 - (11 - 6)) + 5)
60
12 + 43 + (25 - 9 - 6) + -34 + 49
80
Evaluate 183 + -146 + -56 + 135.
116
What is (2 - 44) + 1 + (-153 - -336) + -173?
-31
Calculate (32 - 65) + -37 + ((0 - 2) + -4 - -1).
-75
What is the value of (12 + -1 - 16 - -2) + -10 - 16?
-29
(-16 - -20) + (-12 - -9) - (0 + 2)
-1
Evaluate -97 + (36 + 12 - -19).
-30
Calculate 14 + -21 + -5 + 12 + 9 + -11.
-2
Evaluate -142 + 18 + 118 + -69.
-75
What is the value of 17 + (48 - 46) + 3?
22
What is the value of -6 + (7 - (7 + -18 + (11 - 4) - 7))?
12
What is the value of (29 - 46) + (-8 - -3 - 47 - -2)?
-67
What is -26 + -38 - (-98 - -28)?
6
Calculate -150 + 158 - (36 - -4 - -3).
-35
Calculate (37 - -10) + (181 - 205).
23
What is the value of 347 + -492 - ((-11 - -4) + -27)?
-111
(-25 + 17 - -2) + 4 + -12 + -1 + -1
-16
-2 - 25 - (47 - (52 - 32))
-54
Calculate 10 - (8 + -3) - (-33 + (6 - 40)).
72
Calculate -116 + 160 - (3 + -1 + -1 - -3).
40
(20 - 13 - 12 - 15) + 38
18
What is the value of 0 - -39 - (13 - (-23 + 7 + 10))?
20
2 + (14 + 2 - 65)
-47
Calculate (3 - 6) + -16 + 9 - (-10 - 55).
55
What is (17 + -8 - 19 - -42) + 10?
42
-4 - (-3 + (-5 - -3) - -15)
-14
Evaluate 124 + (28 - (235 - 96)).
13
What is 32 + -12 - -15 - (5 - (-4 - -1))?
27
What is (-1 - 130 - (-40 + (-11 - 6 - -43))) + 13?
-104
Evaluate (-18 - 0) + ((32 - 21) + 60 - -14).
67
What is 22 + 3 + 57 + -61 - (-2 + -7)?
30
Evaluate 63 + 113 - (-101 - -191).
86
Evaluate (-37 + 20 - 1) + (41 - 7) - (-5 + 0).
21
Evaluate (14 - (15 - 1) - (3 + -1 + 4)) + 61.
55
-20 + (21 - (32 - 2)) + 7
-22
Evaluate (17 + 14 + -17 + -18 - -1) + (80 - 4).
73
What is the value of 86 + -31 + (-5 - -14) + 3?
67
What is the value of -11 + 37 + (-3 - 9) + -11 + 25?
28
10 - ((7 - 8 - 3) + -1 + (8 - 13))
20
Calculate -93 + (-133 - -56 - -241).
71
Evaluate 6 - (0 + -7 - ((-9 - -21) + -18 + -37)).
-30
Evaluate 5 + -19 + (34 - 3) + -9.
8
(-5 - 118 - 7) + (51 - 21 - 13)
-113
What is -59 + 21 + 7 + 3 + -51?
-79
What is (-87 - (17 + -121)) + (-133 - 2) + 1?
-117
Calculate -10 + 22 - (12 + 56 + -9).
-47
What is the value of -15 + (4 - (13 + -26 + 3 + 19))?
-20
Calculate 156 + 19 + -8 + -84.
83
What is the value of 23 + 1 + -31 + 81?
74
What is the value of -11 - (-3 - 40) - 15 - 14?
3
What is 37 - (18 - (-13 - (5 + -39 - -11)))?
29
Calculate -11 - 3 - (-67 - (20 + -85)).
-12
Evaluate 3 + (12 - -14 - 18) - 5.
6
0 - (94 - (105 + 21))
32
Evaluate 29 + -4 + -36 + 6 - -1.
-4
What is the value of (31 - (-7 - (10 + -6))) + -10 + (7 - 7)?
32
Calculate 67 + 17 + (-34 - -22 - (0 + -23)).
95
(2 - 0) + -78 + -33 - -34
-75
-20 + (14 + -10 - -30) + 2
16
What is the value of 3634 + -3644 - (-2 + 23)?
-31
Evaluate (26 - 35) + 45 + -21 + -30.
-15
Evaluate -8 - 9 - 24 - (127 + -281).
113
What is (-53 + 1 - 1) + -8211 + 8188?
-76
What is -3 + 4 + 117 - (29 + -10 + -8 + -2)?
109
What is the value of -110 + 21 + -35 - (-65 + 65)?
-124
What is 2 + -17 + 0 + 29 + -44?
-30
What is 6 + 15 + -14 + -25 - -63?
45
What is the value of -2 - -8 - (15 - (-13 + 8 + -6))?
-20
78 + (-52 - 58 - 56)
-88
What is the value of 64 - (-41 + -15) - 55?
65
What is the value of (-11 - (51 + 7)) + 3 + -13 + 23?
-56
What is the value of -122 + (54 + -58 - 30) - (-19 - -2)?
-139
1 - ((-9 - -17) + -25 + -71 - -3)
86
What is (-5 - (3 + 32)) + (-12 - (-11 + (17 - 11)))?
-47
Evaluate -9 + -1 + -36 + 62 - 11 - 11.
-6
What is the value of -146 + 217 - (218 + -59)?
-88
What is 28 - (14 - (41 + 3 + -9 - 14))?
35
-53 + 72 + -101 - -116
34
Evaluate 1 - -77 - (818 - 806).
66
What is the value of (-16 - (-119 + 63)) + -94?
-54
What is the value of -24 + (2 - (-5 - -3) - 5) - (-111 + 117)?
-31
Calculate -85 + 238 + -103 + -48.
2
Calculate 12 - 